s 61268480 a multiple of 70?
True
Does 91 divide 47396986?
True
Is 6 a factor of 79647456?
True
Is 83269854 a multiple of 909?
True
Is 101 a factor of 48580596?
True
Is 1996220925 a multiple of 15?
True
Is 2866 a factor of 2810176052?
True
Is 54868356 a multiple of 2316?
True
Is 142 a factor of 25016282?
True
Is 226820603 a multiple of 42?
False
Is 465816950 a multiple of 218?
True
Does 9 divide 125851491?
True
Does 14 divide 642143656?
True
Is 16 a factor of 35248735?
False
Is 9 a factor of 33938649?
True
Is 32 a factor of 28352256?
True
Is 51 a factor of 128232006?
False
Does 4291 divide 114758504?
True
Is 1414 a factor of 96554990?
True
Is 924452678 a multiple of 31?
False
Is 5 a factor of 593678638?
False
Does 6 divide 5952700?
False
Does 6 divide 227044686?
True
Is 136121280 a multiple of 12?
True
Is 886680875 a multiple of 24?
False
Does 1155 divide 11731392?
False
Is 101 a factor of 46790876?
True
Is 211495422 a multiple of 114?
True
Is 130 a factor of 23933003?
False
Does 1742 divide 59828990?
True
Is 14 a factor of 127152062?
False
Is 1134707490 a multiple of 1554?
True
Is 41219584 a multiple of 14?
True
Is 28889278 a multiple of 29?
True
Does 4978 divide 9369271?
False
Does 82 divide 1520821750?
False
Is 71 a factor of 83619727?
False
Is 1264 a factor of 310247146?
False
Does 286 divide 50645314?
False
Is 279792020 a multiple of 304?
False
Is 24316513 a multiple of 13?
True
Does 158 divide 122169392?
True
Is 408 a factor of 24984610?
False
Does 7837 divide 657560380?
False
Is 531469224 a multiple of 164?
True
Does 382 divide 664298?
True
Is 124 a factor of 72955994?
False
Is 207086327 a multiple of 13?
False
Is 782 a factor of 127370596?
True
Is 18 a factor of 91860231?
False
Is 1642 a factor of 1336129143?
False
Is 168267600 a multiple of 1935?
True
Is 7 a factor of 1258067483?
False
Is 40452045 a multiple of 6?
False
Is 240 a factor of 37087923?
False
Is 34 a factor of 2107525462?
True
Is 102 a factor of 1495334350?
False
Is 2333384551 a multiple of 149?
True
Is 40465362 a multiple of 44?
False
Does 25 divide 124932386?
False
Is 16 a factor of 44370961?
False
Is 772 a factor of 162997888?
False
Is 29672511 a multiple of 195?
False
Is 2 a factor of 105430740?
True
Is 36601532 a multiple of 1208?
False
Is 4337188427 a multiple of 2431?
True
Is 845 a factor of 54498178?
False
Is 596722150 a multiple of 66?
False
Is 260492632 a multiple of 96?
False
Is 95 a factor of 19334712?
False
Does 176 divide 19251577?
False
Is 19 a factor of 15292017?
True
Is 60 a factor of 94686060?
True
Does 39 divide 10586472?
True
Is 164637825 a multiple of 197?
True
Is 46 a factor of 2045686424?
True
Is 7 a factor of 1419899840?
False
Is 569 a factor of 1428922303?
True
Is 67 a factor of 12664809?
True
Does 36 divide 41349210?
False
Is 316 a factor of 13251712?
False
Does 1192 divide 183573696?
False
Is 41762677 a multiple of 13?
False
Is 3695 a factor of 34075290?
True
Is 392652582 a multiple of 581?
True
Does 3717 divide 3790446180?
False
Is 14 a factor of 3927756?
True
Is 147 a factor of 157245018?
True
Does 42 divide 1288670544?
True
Is 3512 a factor of 45707928?
False
Is 2785 a factor of 47228030?
True
Does 707 divide 81242077?
True
Is 43035303 a multiple of 43?
True
Does 16 divide 261648516?
False
Does 55 divide 1048354598?
False
Is 63 a factor of 272499759?
True
Does 67 divide 2380931994?
False
Is 8332386 a multiple of 117?
False
Is 839141770 a multiple of 7?
False
Is 31661726 a multiple of 89?
False
Is 594258208 a multiple of 12?
False
Does 15 divide 1020070253?
False
Does 370 divide 239273733?
False
Does 38 divide 10144784?
True
Is 3360377514 a multiple of 9542?
True
Is 809551488 a multiple of 32?
True
Does 48 divide 121859664?
True
Is 271697220 a multiple of 20?
True
Is 9757778 a multiple of 9?
False
Is 19 a factor of 100691336?
True
Does 9 divide 1439613?
True
Is 13 a factor of 354803397?
True
Is 167642034 a multiple of 294?
True
Is 11263530 a multiple of 1785?
False
Is 2803808 a multiple of 7?
True
Is 1944220920 a multiple of 43?
True
Does 10 divide 21013750?
True
Is 6 a factor of 72260292?
True
Is 143 a factor of 100885928?
True
Is 74671152 a multiple of 10?
False
Is 242 a factor of 1274479206?
True
Is 8 a factor of 255950499?
False
Does 22 divide 1693978477?
False
Does 5398 divide 30039870?
True
Is 645938146 a multiple of 257?
True
Is 5 a factor of 229703105?
True
Is 7 a factor of 16608980?
False
Is 107 a factor of 63963744?
True
Does 36 divide 364534524?
True
Is 101 a factor of 116468453?
True
Is 204252007 a multiple of 234?
False
Is 56298748 a multiple of 11?
True
Does 2 divide 173992681?
False
Does 425 divide 501353629?
False
Does 82 divide 1881025716?
True
Is 224027280 a multiple of 984?
True
Does 16 divide 66861?
False
Does 18 divide 355113864?
True
Is 30 a factor of 518451900?
True
Is 110 a factor of 14472810?
True
Does 16 divide 743135184?
True
Is 679 a factor of 23568176?
False
Is 1299637684 a multiple of 51?
False
Is 28 a factor of 192829361?
False
Is 13918994 a multiple of 2?
True
Is 2433748 a multiple of 902?
False
Is 44 a factor of 11616354?
False
Is 37204404 a multiple of 12?
True
Does 19 divide 6237700?
True
Is 37 a factor of 26013944?
False
Does 1125 divide 29549790?
False
Is 7 a factor of 62565183?
False
Does 279 divide 123039?
True
Does 113 divide 259082897?
True
Is 64 a factor of 11255168?
True
Does 2434 divide 101505102?
True
Does 577 divide 2504819928?
False
Is 51 a factor of 622050695?
False
Does 320 divide 405657917?
False
Is 1558154809 a multiple of 29?
False
Is 3 a factor of 5846597?
False
Is 168624077 a multiple of 5?
False
Is 405 a factor of 240593490?
True
Is 7679268 a multiple of 57?
True
Does 1498 divide 732996737?
False
Is 1469 a factor of 33503483?
True
Is 20 a factor of 3256400?
True
Does 10 divide 9892729?
False
Does 2097 divide 130274028?
True
Is 426 a factor of 244404720?
True
Does 154 divide 5060734602?
True
Is 15 a factor of 82425195?
True
Is 4325 a factor of 518468920?
False
Is 2288496735 a multiple of 9?
True
Is 248485840 a multiple of 40?
True
Does 72 divide 368417304?
True
Does 187 divide 205886177?
False
Does 256 divide 1750273536?
True
Does 3614 divide 620462362?
True
Is 5112017 a multiple of 6?
False
Does 18 divide 195709681?
False
Does 22 divide 106108849?
False
Is 390573580 a multiple of 2?
True
Is 1977602 a multiple of 23?
False
Does 451 divide 546436968?
False
Does 32 divide 511707021?
False
Is 29 a factor of 2540109405?
False
Does 139 divide 377945953?
False
Is 731831167 a multiple of 7?
False
Is 16 a factor of 59696952?
False
Is 128 a factor of 45024954?
False
Is 262185570 a multiple of 41?
True
Does 37 divide 40958892?
False
Does 365 divide 397941573?
False
Is 154119804 a multiple of 348?
True
Is 821995950 a multiple of 2846?
True
Is 2145741 a multiple of 37?
True
Is 491 a factor of 217852772?
True
Is 8227 a factor of 1456429714?
False
Is 4219 a factor of 550511996?
True
Is 3021008802 a multiple of 19?
False
Is 134740596 a multiple of 87?
False
Is 247 a factor of 10297737?
False
Is 74 a factor of 8220142?
True
Does 522 divide 248511672?
True
Does 418 divide 1709585?
False
Is 382 a factor of 28238764?
False
Does 63 divide 111421674?
True
Does 219 divide 13131833?
False
Is 30730392 a multiple of 8?
True
Is 35 a factor of 57711654?
False
Does 1662 divide 111339042?
True
Does 487 divide 210038938?
False
Is 4304564 a multiple of 38?
True
Is 73 a factor of 11570281?
True
Is 4835 a factor of 354584395?
True
Does 117 divide 471181117?
False
Is 3 a factor of 292176123?
True
Is 17760889 a multiple of 836?
False
Is 155548525 a multiple of 17?
False
Is 67966738 a multiple of 142?
True
Is 9 a factor of 119191032?
True
Is 90 a factor of 216953992?
False
Is 3971944700 a multiple of 8350?
True
Is 16 a factor of 1358966853?
False
Is 28 a factor of 2178157627?
False
Does 3005 divide 282470?
True
Does 322 divide 2911030?
False
Does 1287 divide 52976529?
False
Is 387488639 a multiple of 35?
False
Is 17 a factor of 39090347?
False
Is 3 a factor of 961803?
True
Does 86 divide 137417031?
False
Does 4448 divide 2930876160?
True
Is 70 a factor of 47798279?
False
Does 1484 divide 82109454?
False
Is 4319 a factor of 1984774855?
True
Is 2132948620 a multiple of 3338?
True
Is 216 a factor of 686225903?
False
Does 309